(540/81)/((-1)/(-3)). Suppose -3*q = -4*x + 560, 0*x - x - 3*q + 140 = 0. What is the highest common factor of x and m?
20
Suppose 1 = -v, 0 = 3*y + y + 4*v - 16. Suppose 19 = 3*t - y*x, -5*t = -0*t - x - 17. Suppose -n - t*n = -68. What is the highest common divisor of 85 and n?
17
Let o be 8/(-14) + (-816)/(-56). Calculate the greatest common divisor of 56 and o.
14
Let x be (4/3)/((-12)/(-1134)). Calculate the greatest common factor of 14 and x.
14
Let s(p) = -8*p - 20. Let l be s(-6). Calculate the greatest common factor of 14 and l.
14
Suppose 4*l = 233 + 287. Let q be (20/(-12))/(35/(-1092)). Calculate the highest common factor of q and l.
26
Suppose -15*u = -7*u - 3600. What is the greatest common divisor of u and 50?
50
Suppose -9*y + 11*y = 20. Let d(u) = -31*u**3 + u. Let x be d(-1). Calculate the highest common factor of x and y.
10
Let k be 4 + -3 - 2*-27. Suppose -2*h + 84 = 2*h - p, 78 = 3*h + 3*p. What is the greatest common divisor of k and h?
11
Let a(b) = b**2. Let d = -5 + 4. Let o be a(d). Let q be (-1 - 9)/2*-1. What is the highest common divisor of o and q?
1
Let l(n) = n**2 - 3*n - 3. Let w be l(5). Let k = w + 10. Let g be (-4)/((-24)/603) - 21/(-14). What is the greatest common factor of g and k?
17
Suppose 0 = 3*u - 4*u + 2. What is the highest common divisor of u and 3?
1
Let z(x) = 0*x - 3 - x - 3*x**2 + 5 + 3*x**3 + 0*x. Let y be z(2). What is the highest common divisor of 30 and y?
6
Let t be (-11)/(-9) - (-2)/(-9). Let j be (-196)/(-16) + t/(-4). Suppose 0 = p + j - 40. What is the highest common factor of p and 70?
14
Let u(i) = 3*i + 18. Let v be u(10). What is the greatest common divisor of 168 and v?
24
Let p(z) = 19*z**2 - z - 1. Let g be p(1). What is the greatest common divisor of 119 and g?
17
Let y = -83 + 146. Calculate the highest common factor of y and 9.
9
Let u(b) = b**2 + b - 2. Let r be u(3). Let j = r + 3. Suppose y - j = -q - y, -5*y + 20 = 0. Calculate the highest common divisor of 1 and q.
1
Let u = -7 + 25. Calculate the greatest common factor of u and 12.
6
Let a(o) = o**2 + o + 1. Let z be a(2). Let d = 161 + -112. What is the greatest common factor of z and d?
7
Suppose -3*z + 4*z - 3 = 0. Let x(t) = -t**2 + 5*t. Let b be x(4). Suppose -b*u + 58 + 38 = 0. What is the greatest common factor of z and u?
3
Suppose 3*x = 5*y - 5, 2 = 4*y + x - 2. What is the greatest common divisor of 3 and y?
1
Let u = -23 - -25. What is the greatest common divisor of u and 18?
2
Let t(s) = s**2 + 4*s + 2. Let q = 10 + -16. Let j be t(q). Suppose 2*u - 12 - j = 0. Calculate the greatest common factor of 39 and u.
13
Suppose 0 = -3*o + 5*o - 120. What is the highest common divisor of o and 40?
20
Let y(a) = -3*a - 15. Let d be y(-13). Calculate the highest common factor of 48 and d.
24
Let u(o) = -o**2 + o - 4. Let m be u(0). Let w = m + 13. What is the highest common divisor of 6 and w?
3
Suppose -z + 137 = 4*x, -x + 187 = 4*x - 4*z. What is the highest common factor of x and 140?
35
Suppose 28 = m - 5*j + 6, 0 = -m - j + 52. What is the highest common divisor of 235 and m?
47
Suppose -46 = -2*y - 22. Calculate the highest common divisor of 120 and y.
12
Let q be (24/20)/((-6)/(-165)). Calculate the greatest common divisor of 297 and q.
33
Suppose 5*r - 45 = -5. What is the highest common divisor of r and 12?
4
Suppose 2*p = -3*a + 11 + 9, 0 = -4*a - 2*p + 26. Let f = 24 + -18. Calculate the greatest common factor of a and f.
6
Suppose 0 = 3*g - 4*s - 23 - 193, -s = -3*g + 207. What is the highest common divisor of g and 68?
68
Suppose 0 = -43*u + 48*u - 840. What is the greatest common divisor of 42 and u?
42
Suppose -21 = -u + 15. Suppose 10*b - 12 = 9*b. Calculate the greatest common factor of b and u.
12
Let n = 22 - 11. Calculate the highest common factor of 121 and n.
11
Let b = 3 + -1. Suppose -a + 0*a = -b*t - 18, 0 = -2*t - 6. Let l = 19 - a. Calculate the highest common factor of 63 and l.
7
Let x be (-6)/(-39) - 72/(-39). What is the highest common factor of 16 and x?
2
Let s = 47 + -29. Let m be 2/(40/s - 2). Calculate the highest common divisor of m and 27.
9
Suppose -17*g + 98 = -10*g. What is the greatest common factor of 7 and g?
7
Let j = 81 - 72. Let b(a) = -5 - a + 2 + 2. Let v be b(-7). What is the greatest common divisor of v and j?
3
Suppose -14 - 8 = -2*q. Calculate the greatest common divisor of q and 77.
11
Suppose 6*s = -0*s + 306. Calculate the highest common divisor of s and 34.
17
Let s(p) = -p**3 - 3*p**2 + 5*p. Let j be s(-5). What is the highest common factor of 75 and j?
25
Suppose 2*n = -0*n - 4*a, -2*n = -4*a - 16. Suppose f - n*f = -48. Calculate the greatest common factor of 80 and f.
16
Suppose 5*d = -2*i - 8 + 63, d + 3*i = -2. Let z = 0 + d. What is the highest common divisor of 117 and z?
13
Let r = 13 - 11. Suppose 3*c + 2*d - 2 = 3, 0 = 2*c - r*d. Suppose 2*m - 20 = 2. What is the highest common factor of m and c?
1
Let h(p) = -p**2 + 10*p - 12. Let n be h(8). Suppose 0 = -n*o - 0 + 64. Let j = -13 - -15. Calculate the highest common factor of o and j.
2
Let g be (35 + 1)*(-4)/(-12). Calculate the highest common divisor of g and 8.
4
Suppose -3*x = x + w - 71, -3*x = -5*w - 59. Let l be ((-6)/(-4))/(3/78). Let t = -27 + l. What is the highest common factor of t and x?
6
Suppose 0 = -5*r - 2*l + 63, 2*r + 3*r - 35 = 5*l. Let g = -13 + 123. What is the highest common factor of r and g?
11
Suppose 3*n = 67 - 13. Let w = 3 - 0. Suppose p - 87 = -2*q + 55, -w*q = -2*p + 291. Calculate the greatest common divisor of p and n.
18
Suppose 13 = -5*m + 33, m - 304 = 3*w. Let d = 170 + w. Calculate the highest common divisor of d and 10.
10
Suppose 0 = 4*o + 54 - 306. What is the highest common divisor of o and 7?
7
Suppose k - 39 = -3*f - 2*k, -4*f = 5*k - 48. Suppose 5*q - f = 53. Suppose -697 = -5*i + 73. What is the highest common divisor of q and i?
14
Let b(d) = 2*d**2 + 14*d - 4. Let r be b(-13). Calculate the greatest common factor of 19 and r.
19
Suppose 2*l + 15 = 7*l. Suppose 12 = s + l*s. What is the highest common divisor of s and 9?
3
Let f = -13 + 21. Calculate the highest common divisor of 24 and f.
8
Let g be (3*6)/((-12)/(-16)). Suppose 3*z = -g + 60. Calculate the highest common divisor of 132 and z.
12
Let y(v) = -v**2 + 9*v + 12. Let s be y(9). Calculate the highest common factor of s and 12.
12
Suppose -4*c + 7 - 19 = 0. Let i be (40/(-6))/(1/c). Calculate the highest common divisor of i and 160.
20
Let x = -73 + 113. What is the greatest common divisor of x and 40?
40
Suppose 4*v + 0*v - 120 = 0. Let b(y) = y**2 + 6*y - 22. Let s be b(-9). Calculate the highest common factor of s and v.
5
Let j(y) = -2*y - 13. Let f = -10 + -1. Let k be j(f). What is the greatest common factor of k and 1?
1
Let g be (-1)/(-5) - 95/(-25). Suppose -8 - 56 = -g*b. What is the highest common factor of b and 2?
2
Let h = -1 - -26. Suppose h + 25 = s. Suppose -m + s + 14 = 0. Calculate the highest common factor of m and 16.
16
Suppose 2*r = -2*r - a + 321, -5*r - 5*a + 405 = 0. Calculate the highest common factor of 20 and r.
20
Let x be (-2 - 102/9)*396/(-30). Calculate the highest common factor of x and 16.
16
Suppose 12 = 3*m + 3*b, -13 = -4*m - 3*b + 2. Suppose a - m*a = -12. Suppose t - 4*l - a = 23, 5*l = -t - 7. What is the highest common factor of t and 117?
13
Let h be (4/(-10) - 0)*-5. Suppose -30 = -j + h*u, 3*u = -3*j - u + 60. Calculate the greatest common divisor of j and 8.
8
Let m be -3 + 2/1 + 3. Suppose -z - 27 = -m*z. Let i = 28 + z. Calculate the greatest common divisor of i and 5.
5
Suppose -w = 4*w - 2*y + 1, -2*w - 4*y = -14. Let p be 10/24*3*4. What is the highest common factor of w and p?
1
Let l(f) = 4*f**2 - f - 2. Let c be l(-2). Let z = 151 - 7. Calculate the greatest common factor of c and z.
16
Let o be 246/8 - (-2)/8. Calculate the highest common factor of o and 62.
31
Let u be ((-6)/(-4))/(15/20). Let a be 1*15*(-12)/(-10). What is the greatest common factor of a and u?
2
Let i = 3 - -8. What is the highest common factor of 66 and i?
11
Let j(y) = 5*y**2 + 3*y - 6. Let z be j(-3). What is the greatest common divisor of 120 and z?
30
Suppose 2*k = 2*q - 88, -3*k + k = 2*q - 72. What is the greatest common factor of q and 20?
20
Suppose -3*v -